973?
True
Is 142425 a multiple of 135?
True
Does 56 divide 6514236?
False
Is 25296 a multiple of 3?
True
Does 327 divide 246885?
True
Is 310149 a multiple of 267?
False
Is 4165560 a multiple of 203?
True
Is 8411524 a multiple of 22?
True
Does 54 divide 5807073?
False
Is 525233 a multiple of 6?
False
Is 262 a factor of 3727474?
True
Is 249 a factor of 11165602?
False
Does 600 divide 983400?
True
Is 965 a factor of 6997343?
False
Does 41 divide 4641856?
True
Does 818 divide 681069?
False
Does 216 divide 63524?
False
Is 1899584 a multiple of 312?
False
Is 2533062 a multiple of 789?
False
Is 261 a multiple of 29?
True
Is 1757978 a multiple of 331?
False
Is 167643 a multiple of 9?
True
Is 339 a factor of 9259396?
False
Is 93275 a multiple of 25?
True
Does 43 divide 556219?
False
Is 20 a factor of 321054?
False
Does 4 divide 343552?
True
Does 11 divide 618178?
True
Does 188 divide 17754130?
False
Is 925280 a multiple of 5?
True
Is 52 a factor of 166088?
True
Is 597 a factor of 188652?
True
Does 96 divide 35850?
False
Is 583547 a multiple of 18?
False
Is 15 a factor of 61575?
True
Is 1806377 a multiple of 37?
True
Is 11 a factor of 566423?
True
Does 5 divide 374405?
True
Does 3 divide 501936?
True
Is 8422939 a multiple of 164?
False
Does 154 divide 102410?
True
Does 94 divide 226891?
False
Is 77 a factor of 303534?
True
Does 12 divide 56100?
True
Is 228 a factor of 498180?
True
Is 4073006 a multiple of 716?
False
Is 1369 a multiple of 49?
False
Does 160 divide 2118880?
True
Does 17 divide 1600995?
False
Does 6 divide 1149331?
False
Does 41 divide 844002?
False
Is 21 a factor of 233963?
False
Does 2 divide 647801?
False
Does 52 divide 156572?
True
Is 438 a factor of 796821?
False
Is 111 a factor of 211062?
False
Is 202207 a multiple of 661?
False
Does 120 divide 6283103?
False
Does 1286 divide 26047848?
False
Is 308440 a multiple of 88?
True
Does 16 divide 640880?
True
Is 9 a factor of 72378?
True
Does 30 divide 14015370?
True
Is 36880 a multiple of 5?
True
Is 1815528 a multiple of 52?
True
Is 5309281 a multiple of 109?
True
Does 45 divide 60856?
False
Does 6 divide 237203?
False
Is 23183 a multiple of 239?
True
Does 35 divide 1296297?
False
Is 2693790 a multiple of 135?
True
Is 110861 a multiple of 33?
False
Is 5873303 a multiple of 67?
False
Does 190 divide 17750164?
False
Is 12 a factor of 576228?
True
Is 607595 a multiple of 204?
False
Does 29 divide 127716?
True
Does 11 divide 8384716?
False
Does 7 divide 433625?
False
Is 80241 a multiple of 18?
False
Is 36 a factor of 5673?
False
Does 47 divide 160428?
False
Is 177973 a multiple of 19?
True
Is 9173770 a multiple of 106?
True
Is 14161 a multiple of 49?
True
Is 143 a factor of 2864147?
True
Is 14 a factor of 5149660?
False
Does 16 divide 4318336?
True
Is 241 a factor of 522006?
True
Is 436 a factor of 790904?
True
Does 3 divide 101505?
True
Does 27 divide 8400670?
False
Is 141 a factor of 367086?
False
Is 12 a factor of 385932?
True
Is 8887010 a multiple of 16?
False
Is 557784 a multiple of 732?
True
Is 12 a factor of 119868?
True
Is 128 a factor of 1971289?
False
Does 15 divide 11323590?
True
Does 57 divide 112411?
False
Is 368 a factor of 2351520?
True
Does 6 divide 2096112?
True
Is 11 a factor of 18635?
False
Does 522 divide 3059964?
True
Does 4 divide 225660?
True
Is 5 a factor of 211243?
False
Is 995101 a multiple of 407?
False
Is 9 a factor of 511048?
False
Is 240184 a multiple of 13?
False
Does 29 divide 898624?
False
Is 158199 even?
False
Is 947672 a multiple of 121?
True
Does 54 divide 442692?
True
Does 5 divide 29666?
False
Does 2 divide 2341?
False
Is 261538 a multiple of 2?
True
Is 104104 a multiple of 84?
False
Is 7049 a multiple of 7?
True
Does 1011 divide 29003568?
True
Is 3442325 a multiple of 95?
True
Is 155 a factor of 376185?
True
Does 32 divide 813475?
False
Is 87 a factor of 834852?
True
Is 126 a factor of 33264?
True
Is 109436 a multiple of 21?
False
Is 1560116 a multiple of 263?
True
Is 199 a factor of 2569886?
True
Is 25 a factor of 5049292?
False
Does 36 divide 116568?
True
Is 64 a factor of 1656192?
True
Does 14 divide 46970?
True
Is 177450 a multiple of 13?
True
Does 1460 divide 1365100?
True
Does 7 divide 48931?
False
Does 11 divide 393077?
False
Does 1571 divide 1970034?
True
Is 22 a factor of 122474?
True
Is 3 a factor of 94461?
True
Is 1120155 a multiple of 15?
True
Is 20 a factor of 1101620?
True
Does 305 divide 91500?
True
Does 17 divide 427616?
False
Is 350 a factor of 2234276?
False
Is 81966 a multiple of 50?
False
Is 159895 a multiple of 565?
True
Does 130 divide 29640?
True
Does 20 divide 3110736?
False
Is 365 a factor of 2658876?
False
Is 906318 a multiple of 21?
True
Is 5 a factor of 145594?
False
Is 835 a factor of 2087387?
False
Is 524914 a multiple of 11?
False
Is 395 a factor of 2453564?
False
Is 1974851 a multiple of 302?
False
Does 165 divide 18732120?
True
Is 1474676 a multiple of 40?
False
Does 10 divide 77690?
True
Is 31509 a multiple of 37?
False
Is 327 a factor of 1117032?
True
Is 67 a factor of 237528?
False
Is 13 a factor of 299624?
True
Is 817424 a multiple of 15?
False
Is 30521 a multiple of 160?
False
Does 6 divide 6884439?
False
Is 2604523 a multiple of 54?
False
Does 6 divide 9732?
True
Is 5 a factor of 58320?
True
Is 91 a factor of 11698596?
True
Is 19 a factor of 5931802?
False
Does 28 divide 111349?
False
Is 21 a factor of 171565?
False
Is 40 a factor of 1409829?
False
Does 38 divide 401827?
False
Does 129 divide 16639?
False
Is 551535 a multiple of 15?
True
Is 31 a factor of 1007159?
True
Is 261238 a multiple of 74?
False
Does 217 divide 1705?
False
Does 411 divide 214542?
True
Is 140382 a multiple of 6?
True
Does 942 divide 3901353?
False
Is 68 a factor of 1194214?
False
Is 1700496 a multiple of 392?
True
Is 16 a factor of 1064400?
True
Does 9 divide 412753?
False
Is 934960 a multiple of 8?
True
Does 12 divide 479604?
True
Does 107 divide 1906925?
False
Does 13 divide 589691?
False
Is 101 a factor of 296334?
True
Is 29079 a multiple of 41?
False
Is 7 a factor of 98038?
False
Does 345 divide 864225?
True
Does 23 divide 17241490?
True
Is 117406 a multiple of 742?
False
Is 16 a factor of 880288?
True
Does 29 divide 8084330?
True
Is 2274 a factor of 16466034?
True
Does 25 divide 95306?
False
Does 109 divide 565524?
False
Does 16 divide 115424?
True
Is 10614 a multiple of 8?
False
Does 267 divide 5040960?
True
Is 279930 a multiple of 31?
True
Is 1446500 a multiple of 25?
True
Is 376 a factor of 629048?
True
Is 195 a factor of 1075299?
False
Is 797352 a multiple of 693?
False
Is 46 a factor of 17809021?
False
Is 637569 a multiple of 920?
False
Is 9266917 a multiple of 11?
True
Is 888 a factor of 668407?
False
Is 702 a factor of 1834326?
True
Is 45678 a multiple of 46?
True
Does 27 divide 1929717?
True
Is 115 a factor of 18378689?
False
Is 1024296 a multiple of 7?
True
Does 31 divide 890782?
False
Is 426 a factor of 592566?
True
Is 171 a factor of 535880?
False
Is 56 a factor of 145225?
False
Does 96 divide 1017504?
True
Does 8 divide 1479686?
False
Is 384064 a multiple of 32?
True
Is 1395530 a multiple of 6?
False
Is 54 a factor of 176732?
False
Is 26 a factor of 2373444?
False
Does 289 divide 44729?
False
Does 67 divide 159491?
False
Is 390 a factor of 4551300?
True
Does 296 divide 2239536?
True
Is 404558 a multiple of 37?
True
Is 66 a factor of 2377043?
False
Is 378 a factor of 4515588?
True
Is 487 a factor of 19666970?
False
Is 374418 a multiple of 66?
True
Does 253 divide 5931055?
False
Is 472 a factor of 11024915?
False
Is 26 a factor of 508924?
True
Is 27 a factor of 396144?
True
Is 37202 a multiple of 58?
False
Does 8 divide 34454?
False
Is 27318 a multiple of 113?
False
Is 7 a factor of 378808?
False
Is 5 a factor of 7808310?
True
Is 4 a factor of 296668?
True
Is 4181374 a multiple of 45?
False
Is 1167069 a multiple of 443?
False
Does 3 divide 16644?
True
Is 119 a factor of 41121?
False
Is 567 a multiple of 7?
True
Is 182 a factor of 2954770?
True
Is 415633 a multiple of 212?
False
Does 500 divide 780261?
False
Is 92683 a multiple of 26?
False
Does 20 divide 7648972?
False
Is 21 a factor of 886809?
True
Is 212505 a multiple of 465?
True
Is 10 a factor of 22448580?
True
Does 215 divide 121260?
True
Does 7 divide 82917?
False
Does 